{"id":29,"date":"2014-04-11T19:49:46","date_gmt":"2014-04-11T19:49:46","guid":{"rendered":"http:\/\/huettenberger-heimatmuseum.de\/?page_id=29"},"modified":"2015-04-17T11:07:24","modified_gmt":"2015-04-17T11:07:24","slug":"rundgang","status":"publish","type":"page","link":"https:\/\/huettenberger-heimatmuseum.de\/?page_id=29","title":{"rendered":"Rundgang"},"content":{"rendered":"<p>&nbsp;<\/p>\n<p><strong><span style=\"font-style: inherit; line-height: 1.625;\">Was ist nun alles darin zu sehen?\u00a0<\/span><\/strong><\/p>\n<div align=\"justify\">\n<p>Nat\u00fcrlich ist es nicht m\u00f6glich, die 500 Einzelteile aufzuz\u00e4hlen, die sich in den 180 cbm umfassenden Ausstellungsr\u00e4umen befinden. Es sei hier aber ein kurzer \u00dcberblick gegeben.<\/p>\n<p>&#8230;<br \/>\n<a href=\"http:\/\/huettenberger-heimatmuseum.de\/wp-content\/uploads\/2014\/04\/Internet_Heimat8.jpg\"><img loading=\"lazy\" decoding=\"async\" class=\"size-full wp-image-63 alignleft\" style=\"margin: 10px;\" src=\"http:\/\/huettenberger-heimatmuseum.de\/wp-content\/uploads\/2014\/04\/Internet_Heimat8.jpg\" alt=\"Internet_Heimat8\" width=\"314\" height=\"209\" srcset=\"https:\/\/huettenberger-heimatmuseum.de\/wp-content\/uploads\/2014\/04\/Internet_Heimat8.jpg 314w, https:\/\/huettenberger-heimatmuseum.de\/wp-content\/uploads\/2014\/04\/Internet_Heimat8-300x199.jpg 300w\" sizes=\"auto, (max-width: 314px) 100vw, 314px\" \/><\/a><\/p>\n<p>Im Obergeschoss steht ein grosses Ger\u00e4t, das schon vor dem Ersten Weltkrieg nicht mehr in Gebrauch war, ein neu instand gesetzter Webstuhl. Noch Ende des vorigen Jahrhunderts webten die Bauern darauf ihr Leinen selbst.<\/p>\n<p>&nbsp;<\/p>\n<p>&nbsp;<\/p>\n<p><a href=\"http:\/\/huettenberger-heimatmuseum.de\/wp-content\/uploads\/2014\/04\/Internet_Heimat1.jpg\"><img loading=\"lazy\" decoding=\"async\" class=\"size-full wp-image-70 alignright\" style=\"margin: 10px;\" src=\"http:\/\/huettenberger-heimatmuseum.de\/wp-content\/uploads\/2014\/04\/Internet_Heimat1.jpg\" alt=\"Internet_Heimat1\" width=\"314\" height=\"209\" srcset=\"https:\/\/huettenberger-heimatmuseum.de\/wp-content\/uploads\/2014\/04\/Internet_Heimat1.jpg 314w, https:\/\/huettenberger-heimatmuseum.de\/wp-content\/uploads\/2014\/04\/Internet_Heimat1-300x199.jpg 300w\" sizes=\"auto, (max-width: 314px) 100vw, 314px\" \/><\/a>Die weiteren Arbeitsger\u00e4te sind im Erdgeschoss unter dem Leitgedanken &#8222;Von der Saat zur Ernte&#8220; angeordnet. Da sehen wir alte Pfl\u00fcge, eine Egge, ein Doppeljoch, Dreschflegel. In einer weiteren Abteilung sind<\/p>\n<p>Haushaltsger\u00e4te untergebracht. Da ist eine Sch\u00fcsselbank mit irdenem Geschirr, Zinnteller und Zinnsch\u00fcsseln zu sehen. An der Wand h\u00e4ngen \u00d6\u0096l- und Petroleumlampen. Da stehen Milcht\u00f6pfe aus Steingut, bemalt mit Mustern, wie sie in der zweiten H\u00e4lfte des 19. Jahrhunderts \u00fcblich waren. Daneben sind gusseiserne Ofenplatten ausgestellt mit biblischen Motiven (&#8222;Hochzeit zu Kana&#8220;, &#8222;Heimkehr des verlorenen Sohnes&#8220;, &#8222;Das Abendmahl&#8220;). Sie sind von der Kunst-Eisengiesserei Buderus in Hirzenhain angefertigt.<\/p>\n<p><a href=\"http:\/\/huettenberger-heimatmuseum.de\/wp-content\/uploads\/2014\/04\/Internet_Heimat4.jpg\"><img loading=\"lazy\" decoding=\"async\" class=\"size-full wp-image-67 alignleft\" style=\"margin: 10px;\" src=\"http:\/\/huettenberger-heimatmuseum.de\/wp-content\/uploads\/2014\/04\/Internet_Heimat4.jpg\" alt=\"Internet_Heimat4\" width=\"314\" height=\"209\" srcset=\"https:\/\/huettenberger-heimatmuseum.de\/wp-content\/uploads\/2014\/04\/Internet_Heimat4.jpg 314w, https:\/\/huettenberger-heimatmuseum.de\/wp-content\/uploads\/2014\/04\/Internet_Heimat4-300x199.jpg 300w\" sizes=\"auto, (max-width: 314px) 100vw, 314px\" \/><\/a><\/p>\n<p>&nbsp;<\/p>\n<p>In einem Nebenraum ist eine H\u00fcttenberger Bauernstube zu sehen, ein altes Himmelbett und die Wiege des Dichters.<\/p>\n<p>&nbsp;<\/p>\n<p>&nbsp;<\/p>\n<p>&nbsp;<\/p>\n<p><a href=\"http:\/\/huettenberger-heimatmuseum.de\/wp-content\/uploads\/2014\/04\/Internet_Heimat5.jpg\"><img loading=\"lazy\" decoding=\"async\" class=\"size-full wp-image-66 alignright\" style=\"margin: 10px;\" src=\"http:\/\/huettenberger-heimatmuseum.de\/wp-content\/uploads\/2014\/04\/Internet_Heimat5.jpg\" alt=\"Internet_Heimat5\" width=\"314\" height=\"209\" srcset=\"https:\/\/huettenberger-heimatmuseum.de\/wp-content\/uploads\/2014\/04\/Internet_Heimat5.jpg 314w, https:\/\/huettenberger-heimatmuseum.de\/wp-content\/uploads\/2014\/04\/Internet_Heimat5-300x199.jpg 300w\" sizes=\"auto, (max-width: 314px) 100vw, 314px\" \/><\/a>Am eindruckvollsten ist wohl die Trachtengruppe im Obergeschoss. Hier stehen in grossen Glasvitrinen lebensgrosse Figuren mit echten Trachtenst\u00fccken. Wir begegnen einerseits den jahreszeitlich unterschiedlichen Arbeitstrachten, andererseits der Abendmahls- und der Festtagstracht, streng geschieden von der Tracht der Volltrauer, der Halb- und Vierteltrauer.<br \/>\n<a href=\"http:\/\/huettenberger-heimatmuseum.de\/wp-content\/uploads\/2014\/04\/Internet_Heimat7.jpg\"><img loading=\"lazy\" decoding=\"async\" class=\"size-full wp-image-64 alignleft\" style=\"margin: 10px;\" src=\"http:\/\/huettenberger-heimatmuseum.de\/wp-content\/uploads\/2014\/04\/Internet_Heimat7.jpg\" alt=\"Internet_Heimat7\" width=\"314\" height=\"209\" srcset=\"https:\/\/huettenberger-heimatmuseum.de\/wp-content\/uploads\/2014\/04\/Internet_Heimat7.jpg 314w, https:\/\/huettenberger-heimatmuseum.de\/wp-content\/uploads\/2014\/04\/Internet_Heimat7-300x199.jpg 300w\" sizes=\"auto, (max-width: 314px) 100vw, 314px\" \/><\/a>Pr\u00e4chtig ist die H\u00fcttenberger Braut im vollst\u00e4ndigen Hochzeitsgewand ausgestattet. Hier ist auch die schon mehr als ein Jahrhundert ausgestorbene M\u00e4nnertracht zu sehen (blauer Kittel, Kniestr\u00fcmpfe, enge Hosen, Schnallenschuhe). Neben dem oben erw\u00e4hnten Webstuhl zeigt das Nebenzimmer im Obergeschoss die Ger\u00e4te zur Flachsbearbeitung, Hechel und Breche, schliesslich Spinnrad und Haspel, deren Handhabung in einer grossen Schautafel erl\u00e4utert wird.<\/p>\n<\/div>\n<div align=\"justify\"><\/div>\n<div align=\"justify\">Text &amp; Bilder: HP <a href=\"http:\/\/www.linden.de\">www.linden.de<\/a><\/div>\n","protected":false},"excerpt":{"rendered":"<p>&nbsp; Was ist nun alles darin zu sehen?\u00a0 Nat\u00fcrlich ist es nicht m\u00f6glich, die 500 Einzelteile aufzuz\u00e4hlen, die sich in den 180 cbm umfassenden Ausstellungsr\u00e4umen befinden. Es sei hier aber <a class=\"more-link\" href=\"https:\/\/huettenberger-heimatmuseum.de\/?page_id=29\">Continue Reading<span class=\"screen-reader-text\">Rundgang<\/span><span class=\"meta-nav\">&rarr;<\/span><\/a><\/p>\n","protected":false},"author":1,"featured_media":0,"parent":0,"menu_order":2,"comment_status":"closed","ping_status":"open","template":"sidebar-page.php","meta":{"footnotes":""},"class_list":["post-29","page","type-page","status-publish","hentry"],"_links":{"self":[{"href":"https:\/\/huettenberger-heimatmuseum.de\/index.php?rest_route=\/wp\/v2\/pages\/29","targetHints":{"allow":["GET"]}}],"collection":[{"href":"https:\/\/huettenberger-heimatmuseum.de\/index.php?rest_route=\/wp\/v2\/pages"}],"about":[{"href":"https:\/\/huettenberger-heimatmuseum.de\/index.php?rest_route=\/wp\/v2\/types\/page"}],"author":[{"embeddable":true,"href":"https:\/\/huettenberger-heimatmuseum.de\/index.php?rest_route=\/wp\/v2\/users\/1"}],"replies":[{"embeddable":true,"href":"https:\/\/huettenberger-heimatmuseum.de\/index.php?rest_route=%2Fwp%2Fv2%2Fcomments&post=29"}],"version-history":[{"count":5,"href":"https:\/\/huettenberger-heimatmuseum.de\/index.php?rest_route=\/wp\/v2\/pages\/29\/revisions"}],"predecessor-version":[{"id":165,"href":"https:\/\/huettenberger-heimatmuseum.de\/index.php?rest_route=\/wp\/v2\/pages\/29\/revisions\/165"}],"wp:attachment":[{"href":"https:\/\/huettenberger-heimatmuseum.de\/index.php?rest_route=%2Fwp%2Fv2%2Fmedia&parent=29"}],"curies":[{"name":"wp","href":"https:\/\/api.w.org\/{rel}","templated":true}]}}